 16.
1b51c4
-2ab21 (base 14) to base 7
-622241
-1100101101100000101 (base 2) to base 12
-181059
Convert -10879160 (base 10) to base 6.
-1025102252
-111a5 (base 16) to base 5
-4220203
What is 100011010011011100 (base 2) in base 5?
14111404
What is 3430141020 (base 5) in base 14?
10363c6
What is 1cd804 (base 16) in base 3?
10120001000102
Convert -50475 (base 9) to base 10.
-33197
-1331024 (base 5) to base 9
-41045
1271a79 (base 12) to base 11
2060904
Convert 2762943 (base 11) to base 3.
22221221101221
Convert -7d2890 (base 15) to base 9.
-12227320
-12002202002 (base 3) to base 13
-36923
What is -2404848 (base 9) in base 2?
-100111110000010011110
4570600 (base 9) to base 13
685119
Convert 25740110 (base 9) to base 16.
c13824
Convert -539ab (base 16) to base 11.
-214312
310b84 (base 12) to base 6
24251444
What is -1537b3 (base 13) in base 11?
-327222
-4005535 (base 8) to base 14
-1d52a1
-175575 (base 9) to base 5
-11442334
What is 54cb6 (base 14) in base 10?
205568
Convert 263683 (base 10) to base 14.
6c147
What is -9c486 (base 16) in base 14?
-1293dc
5b612d (base 16) to base 2
10110110110000100101101
Convert 26312521 (base 7) to base 3.
11112021102211
1327150 (base 8) to base 7
3110335
-140132412 (base 5) to base 6
-23104002
1510741 (base 8) to base 12
189201
-9604 (base 10) to base 3
-111011201
What is -484186 (base 9) in base 3?
-112211012220
d6944 (base 14) to base 13
15183a
Convert -1232515 (base 6) to base 9.
-111462
What is -208398 (base 12) in base 10?
-512036
What is -461843 (base 9) in base 2?
-1000011100111110010
What is 53553340 (base 6) in base 14?
2d3ca8
What is 71801 (base 12) in base 10?
148033
Convert -33612 (base 15) to base 7.
-1250201
Convert 21000303 (base 4) to base 11.
2580a
Convert -1741508 (base 9) to base 6.
-32500442
126442124 (base 7) to base 14
1134914
Convert -522 (base 13) to base 3.
-1012100
Convert -3a4568a (base 11) to base 5.
-3242204421
What is bf01 (base 16) in base 13?
19344
What is 140b58 (base 13) in base 15?
9967e
What is 43230430 (base 5) in base 4?
1121233333
What is 86b9 (base 12) in base 3?
202100020
What is -23942 (base 15) in base 14?
-2d4c6
What is 124947 (base 14) in base 16?
99303
Convert 42124552 (base 6) to base 13.
33b474
What is -2345211 (base 7) in base 15?
-5d099
6751452 (base 10) to base 13
1525056
What is -30223303 (base 5) in base 15?
-4bc03
What is -1639e (base 15) in base 8?
-214023
5540443 (base 6) to base 4
1003300023
What is -1263750 (base 9) in base 11?
-432762
Convert 56430121 (base 7) to base 4.
102223310320
What is -21469c (base 15) in base 4?
-12002303310
9994 (base 11) to base 16
3373
Convert 238185 (base 10) to base 7.
2011263
Convert -1657310 (base 8) to base 14.
-c8052
What is -1715c (base 16) in base 6?
-2005432
Convert -602025 (base 8) to base 12.
-96471
What is 40233012 (base 6) in base 2?
100010110010010000000
-485719 (base 11) to base 3
-1110001200002
Convert -18176161 (base 9) to base 8.
-42703257
Convert 706daa (base 15) to base 10.
5338960
1326816 (base 9) to base 8
2613333
Convert -210175 (base 8) to base 2.
-10001000001111101
What is -2921a8 (base 11) in base 9?
-765514
Convert -1052354 (base 7) to base 5.
-13134101
Convert 6647 (base 10) to base 15.
1e82
Convert -3426036 (base 10) to base 13.
-92c553
What is -32333210 (base 7) in base 9?
-5173382
Convert 100212200011111 (base 3) to base 15.
6da381
-15686a (base 11) to base 8
-733126
-1288087 (base 15) to base 2
-110010111001001100111110
-1203377 (base 10) to base 7
-13141250
Convert 22503675 (base 8) to base 10.
4884413
What is -708417a (base 11) in base 16?
-bf1843
Convert 1430504 (base 7) to base 13.
69707
What is 42065306 (base 8) in base 16?
886ac6
-11001110100011111000 (base 2) to base 14
-18049a
10000515 (base 6) to base 2
1000100011000111111
-401104 (base 7) to base 9
-112677
Convert 85869 (base 15) to base 2.
1100111011101011110
What is -2131212121 (base 4) in base 7?
-5326003
What is 223638 (base 9) in base 10?
133928
Convert -67a870 (base 14) to base 5.
-1400244322
-140427 (base 8) to base 11
-34158
What is 10102101210 (base 3) in base 4?
100130133
What is -70b06 (base 13) in base 3?
-101020210210
Convert -400ab (base 12) to base 10.
-83075
What is 527759 (base 10) in base 15?
a658e
What is 5686b (base 14) in base 8?
632437
-adb4e (base 15) to base 12
-227a02
What is -3143024 (base 8) in base 13?
-234065
Convert dacab (base 14) to base 15.
a6ca1
1011111001101011000 (base 2) to base 3
201210221120
What is 466583 (base 12) in base 9?
2113310
1527806 (base 9) to base 4
3032123331
Convert -1338184 (base 14) to base 8.
-43316010
Convert 26164444 (base 9) to base 8.
61025727
Convert -220211310 (base 4) to base 13.
-5a8a3
Convert -1002200122020 (base 3) to base 8.
-2165312
110000000011110110010 (base 2) to base 3
2222000021012
What is 12c46a (base 15) in base 8?
3341755
What is 1735217 (base 9) in base 7?
11142001
-123585 (base 9) to base 5
-4343330
-1d4ee (base 15) to base 13
-346a9
What is 3267282 (base 9) in base 13?
496a27
-1f339 (base 16) to base 12
-61b61
What is 6252b8 (base 12) in base 9?
2812285
-124024 (base 7) to base 5
-1213444
Convert -270241 (base 9) to base 12.
-7b054
Convert 322033111 (base 4) to base 5.
30113144
-200162 (base 7) to base 12
-1760b
-4ab78 (base 14) to base 5
-21331431
What is -4413034 (base 5) in base 12?
-37bab
What is -1010000001010001101 (base 2) in base 7?
-2535145
What is 30412424 (base 6) in base 7?
10263415
22b486 (base 12) to base 8
2103346
Convert -31120034 (base 5) to base 4.
-332012322
What is 91062 (base 11) in base 6?
2504304
What is -85014 (base 10) in base 3?
-11022121200
Convert 11100000010101101 (base 2) to base 4.
130002231
-1113125 (base 7) to base 16
-21ae2
Convert -1101101011010001100001 (base 2) to base 6.
-204501441
Convert -224231001 (base 5) to base 15.
-14db1b
What is 21022012012111 (base 3) in base 12?
1372194
What is 5b0504 (base 12) in base 16?
1679d4
Convert 128916 (base 13) to base 5.
103310111
What is -67287 (base 9) in base 2?
-1010111010100110
Convert 171982 (base 11) to base 15.
53c68
Convert 27956a9 (base 12) to base 3.
112212212112210
What is 2514820 (base 10) in base 11?
1468470
Convert 10661726 (base 10) to base 6.
1020303502
Convert -2039962 (base 10) to base 3.
-10211122022011
What is 2002201232 (base 4) in base 14?
dcba6
What is -114412 (base 10) in base 9?
-183844
-112000210111 (base 3) to base 9
-460714
15332150 (base 6) to base 11
33a455
What is 17146 (base 9) in base 10?
11787
What is 1226033 (base 10) in base 11?
768156
Convert -493594 (base 12) to base 9.
-2210524
What is -124104434 (base 5) in base 2?
-10010101101011111111
What is 10313 (base 10) in base 8?
24111
Convert 3316173 (base 9) to base 2.
110110011001100011000
Convert 5145315 (base 6) to base 11.
1599a5
Convert -152338 (base 13) to base 8.
-1765606
Convert 3c8242 (base 14) to base 15.
2b6461
-1882bd (base 14) to base 15
-122143
Convert 1cb5 (base 16) to base 10.
7349
Convert 342623 (base 12) to base 9.
1510660
-254401 (base 7) to base 11
-324a9
What is -20430543 (base 6) in base 14?
-116c11
Convert -2235632 (base 9) to base 5.
-302023243
What is 3631162 (base 8) in base 15?
14a16e
14154117 (base 8) to base 4
30031201033
Convert -1dccb2 (base 14) to base 7.
-12055212
What is 1163512 (base 9) in base 15?
c75de
What is -21222012212100 (base 3) in base 10?
-4236120
What is -695e (base 15) in base 6?
-251312
Convert 1010021120201012 (base 3) to base 13.
344598b
-300301323 (base 4) to base 8
-606173
What is -31110000333 (base 4) in base 16?
-35403f
Convert -606222 (base 9) to base 12.
-153802
Convert 26503325 (base 8) to base 16.
5a86d5
What is 314013333 (base 5) in base 11?
817a16
Convert 1100111101001111010110 (base 2) to base 7.
40604345
What is 3bfe39 (base 16) in base 9?
7352251
Convert 10110000000000111000001 (base 2) to base 8.
26000701
-1161155 (base 7) to base 16
-2472e
What is -3a99a (base 12) in base 6?
-1422314
188b7 (base 12) to base 5
2121401
719e4 (base 15) to base 12
1543b1
What is 13115206 (base 7) in base 10?
1197517
What is a9152a (base 12) in base 4?
22031222302
-10122100220120 (base 3) to base 6
-105255410
What is -21208a (base 13) in base 12?
-314a5b
Convert -448035 (base 11) to base 9.
-1306606
What is 2101101120 (base 4) in base 7?
5025534
What is -a